 - 499 + 8723 = -4*w. Let b = 551 - w. Is b composite?
True
Is 2*((-11)/((-1210)/12421937) + 2/(-10)) a prime number?
False
Let y = 113 - 109. Suppose -12550 = -6*k - y*k. Is k prime?
False
Suppose 18*l + 5*l = 92. Suppose 4426 = -2*d + 3*u + 77916, -d + l*u = -36755. Is d prime?
True
Suppose -2*h + 11*h - 285329 = -2*h. Is h a prime number?
True
Let u = 96 + -94. Let c be ((-4376)/8)/(1 - u). Let m = 1138 - c. Is m composite?
True
Let j = 130 - 126. Suppose -a = 2*q - 10991, -j*q + 8*q - 43980 = -4*a. Is a a composite number?
True
Let x(g) = 268*g**2 + 12*g - 78. Is x(-19) a prime number?
False
Suppose 44*i - 653244 = 32*i. Is i prime?
True
Let b(f) = 24*f**2 - f + 13. Let y be b(-5). Suppose 2*a = -258 + 996. Let t = y - a. Is t a prime number?
False
Let v(n) = n**3 - 10*n**2 + 14*n - 10. Let r be v(8). Let b be (-9445)/3 + r/(-78). Let t = b - -4985. Is t prime?
False
Let f(a) = -86851*a - 1804. Is f(-3) composite?
True
Let r(t) = 2*t - 18. Let y be r(15). Suppose 3*l - 9*l = -y. Suppose -4*v + v - n + 2015 = 0, -l*v = n - 1342. Is v a prime number?
True
Let i = 1252 - -823. Suppose 2078 = -9*j + 10*j - 5*a, -2*a - i = -j. Is j a prime number?
False
Let z = 398 - 387. Suppose 0 = z*j + 3399 - 28006. Is j a prime number?
True
Let s(d) = 160*d**2 - 138*d + 37. Is s(-13) prime?
True
Suppose 14*o = 19*o - 4*v - 266164, o + v - 53240 = 0. Suppose 0 = 44*p - 135304 - o. Is p prime?
False
Suppose 0 = -5*g - 5, -s + 10 = 2*s - g. Suppose -5*d + 49 = s*r, 3*r - 2 = -8. Suppose 0 = 8*a - d*a + 4083. Is a a composite number?
False
Let n(f) = -2423*f**3 + f**2 - 36*f - 177. Is n(-5) composite?
False
Suppose -3*g + v + 106043 = -813214, 5*g - 1532061 = -4*v. Is g a prime number?
False
Suppose 0*x - 4*b + 82128 = x, -x + 3*b = -82114. Suppose -5*y + x = 6*i - i, 16 = 4*i. Let s = 23221 - y. Is s composite?
True
Suppose 0 = 61*h + 7*h - 12020836. Is h composite?
False
Let d(b) be the third derivative of 19*b**5/2 + 11*b**4/12 + 29*b**3/2 - 2*b**2 - 85. Is d(-5) a composite number?
True
Let a = 4827 - -1902. Let f = a - 2502. Is f a composite number?
True
Let c = -1 + -41. Let k = c + 65. Is ((-23)/k)/(1/(-1954)*2) prime?
True
Let d be (3/(-6) - 5)/((-1)/(-282)). Suppose 5*o + 0*p = -p - 5504, 5*o = -5*p - 5520. Let a = o - d. Is a a composite number?
True
Suppose 0 = -16*n + 29*n + 23660. Let h = n - -4341. Is h prime?
True
Let u = 5241 - 7704. Let g = u - -6664. Is g prime?
True
Suppose i - 12 = -3*v, 0 = -7*i + 3*i + v - 4. Suppose i = k - 44 - 0. Suppose t + 3*w = -2*t + 54, 0 = 3*t + w - k. Is t a prime number?
True
Is 47/282 - (-65170)/12 a prime number?
True
Let m = 178301 + -85144. Is m a composite number?
True
Is (-1991809)/(-29) + 2*6/(-174) a composite number?
False
Let u(y) = -y**2 - 10*y + 4321. Let t(j) = -j**3 + j**2 + 2*j. Let p be t(2). Is u(p) a prime number?
False
Suppose 99545 = m - 4*l, 472*m - l = 476*m - 398078. Is m a prime number?
False
Let s be (-62)/(-22) + (-10)/(-55). Suppose -s*j = x - 3506, -1177 = -j - 22*x + 20*x. Is j composite?
True
Let n be 18*(-4 - (-1756)/6). Suppose 0 = -3*m - 3*x + 5214, -3*m = 4*x - 7*x - n. Is m composite?
True
Suppose -q + 49*k = 45*k - 104010, 415963 = 4*q - 5*k. Is q a composite number?
True
Let g(r) = -r**2 + 26. Let b be g(-5). Is ((-136505)/(-46))/(b/2) prime?
False
Let x be 208/39 - (-1 - 8/(-6)). Suppose x*d = -0*d - 11930. Is d/3*(-30)/20 a prime number?
True
Let t(f) = 140*f**2 - 113*f - 225. Is t(22) a prime number?
False
Let i = -4314 - -1770. Let k = 3805 + i. Is k prime?
False
Let o(j) = 15*j**2 - 107*j + 859. Is o(91) a composite number?
False
Let z(r) = -r**3 - 39*r**2 - 28*r - 857. Is z(-62) prime?
False
Let k = -126686 - -88360. Let c = 55643 + k. Is c a composite number?
False
Let d be 8/(-44) + (-13108)/22. Let v = -197 - d. Suppose -v = -12*s + 9*s. Is s composite?
True
Suppose -1867*y - 662909 = -1870*y - 5*t, 0 = 4*t + 8. Is y a composite number?
False
Let t(c) = c**2 + 13*c - 6. Let j(b) = -2*b**2 - 14*b + 7. Suppose -5*s - 18 = -2*w, s + 19 = -3*s - 3*w. Let h(l) = s*t(l) - 3*j(l). Is h(13) prime?
True
Let o(x) = -x**2 + 3*x + 26. Let g be o(7). Let b be 208/91 - g/(-7). Suppose -b*h + 3598 = -0*h. Is h composite?
True
Let a(l) be the third derivative of l**5/12 - 41*l**4/8 + 49*l**3/6 + 46*l**2 - 1. Is a(-25) prime?
False
Let b(m) = 9*m**3 + 2*m**2 - 3*m - 1. Suppose -1 = 3*d - 7. Suppose -d*w + 6 + 0 = 0. Is b(w) a composite number?
False
Suppose 376*n + 375316 = 4*b + 380*n, -4*b + 375316 = 5*n. Is b composite?
True
Suppose -171*f = -3*n - 176*f + 2169599, 0 = 3*n + 2*f - 2169605. Is n prime?
False
Let v be 15/(600/16) + (-481086)/(-10). Suppose 18*z - 34637 = v. Is z prime?
True
Let y = -2 - -12. Let u(x) = -67 - y*x + 56 - 6*x. Is u(-4) composite?
False
Let n be 3*(-1 + 1 + (-15)/9). Let u(i) = 69*i - 1. Let a(r) = 3*r - 1. Let h(j) = 2*a(j) - u(j). Is h(n) composite?
True
Suppose -4*h + 2*p + 11336 = 0, 3*p = 6*h - h - 14173. Is h prime?
False
Let h be -3 + 2 + 0 + 1 + 8. Suppose 2*v = -i + 8, -5*v + 3 = -2*i - h. Is (-1)/(v + (-2614)/871) a prime number?
False
Suppose -4*b + 8*j = -12020, 5*b - 14470 - 513 = -4*j. Is b prime?
True
Suppose -3*z + 1813 = -m - 0*z, -7263 = 4*m - z. Let j = 4679 + m. Is j prime?
False
Let m = 150 + -152. Is ((-4)/m)/(6/17853) prime?
False
Is (4/(-28))/(-9 + (-1114961764)/(-123884642)) a prime number?
True
Is (-1)/(8/(-21946))*(-95)/76*-16 prime?
False
Let f = -588364 - -833835. Is f a prime number?
True
Suppose -5*w + 98029 = -4*h + 360535, -65635 = -h - 3*w. Is h composite?
False
Suppose -33*s + 7*s + 137930 = 0. Suppose -2*a + s = -2337. Is a prime?
True
Let v(q) = -q**2 - q. Let z(u) = -22*u**3 + 10*u**2 + 6*u - 7. Let i(b) = 6*v(b) + z(b). Let n be i(-3). Let l = 1792 - n. Is l composite?
True
Suppose 0 = 2*x - 2*a - 2, -9*a = -5*a - 4. Suppose 0 = -u - x*g - 245 - 24, 277 = -u - 4*g. Let y = -134 - u. Is y composite?
False
Let d be 0 - -11935 - (1 - (7 + -4)). Let s = d + -7234. Is s prime?
True
Is (4/(-6))/((-284)/62254362) a prime number?
False
Suppose -5949107 = -33*o - 64*o. Is o composite?
False
Suppose -5*z + 36 - 1 = 0. Let h(y) = 11*y**2 - 17*y - 1. Is h(z) a composite number?
False
Let s = -279 + 278. Is (0 - s)*(699 + 70) composite?
False
Let l = -573 - -1024. Suppose 0 = 7*x + l - 1872. Is x a prime number?
False
Let b be 3084 + 6 + -4 + -1. Let x = b + 2124. Is x a composite number?
False
Let a(b) = 477*b**2 + 76*b + 227. Is a(-16) a composite number?
False
Suppose -5*d + 82063 = 5*v - 32792, -22983 = -d + 3*v. Suppose 12*m - 15*m = -d. Is m/9 + (-9)/(-81) a composite number?
True
Let f be (-2 - 20/6)*3. Is ((-2326)/(-3))/(2 + f/12) a composite number?
False
Let h(p) = -2*p**2 - 15*p - 15. Let x be h(-6). Suppose -m - x = -2*m. Suppose 2*a + o - 577 = -a, -4*o + 589 = m*a. Is a a prime number?
True
Let r = 118153 - 11090. Is r a prime number?
False
Suppose 5*w = -5*n + 25, -7 = 3*w - 4*n + 13. Is (46704/(-15) + w)*-10 - -3 a prime number?
True
Suppose -39 = 44*q - 47*q. Let h be 29272 - 0/((-8)/2). Suppose 5*t + h = q*t. Is t composite?
False
Let t(z) = 955*z**2 + 9*z + 2. Let u be t(9). Suppose 35413 + u = 9*r. Is r prime?
True
Suppose 2*r - 43*g + 47*g = 0, -3*r + 7 = -g. Suppose 5*u = 2*l - 0*l + 61185, -r*u = -3*l - 24463. Is u a composite number?
False
Suppose 8*u = 62914 - 7426. Suppose -y = -4*w - 1887, w - u = -3*y - 1301. Is y a prime number?
True
Let j be ((-6)/(-8))/(13/104) - -2378. Suppose 36*f - 6652 = j. Is f a composite number?
False
Suppose 6*c - 2*c = 3200. Suppose 2*k = 458 + c. Suppose -p + 50 = -k. Is p composite?
True
Let k = 6048 + -3463. Suppose 130 + k = 5*l. Suppose -f + l = 5*z, -f + 3*z + 557 = z. Is f prime?
False
Let p = 767 - 255. Suppose p + 244 = 6*t. Suppose i = q - 0 - 61, 2*q - i = t. Is q a composite number?
True
Suppose 7 - 4 = u. Suppose -s + 1406 = -0*s + r, 5606 = 4*s - 5*r. Suppose -4*p + 699 = y - u*p, 2*y + 5*p - s = 0. Is y composite?
True
Let t(b) = 6823*b**2 + 21*b + 159. Is t(-8) a prime number?
False
Let j(d) = -2*d**3 + 160*d**2 + 18*d + 71. Is j(78) prime?
False
Let n(a) = a + 2. Let z be n(2). Let y(f) = -41*f - 99. Let q be y(7). Is (-4)/((-1540)/q - z) prime?
False
Let h(x) be the third derivative of 19*x**4/12 - 65*x**3/6 + 15*x**2. Suppose -1 - 2 = 3*t, -3*l + 